reatest common factor of m and b?
9
Suppose 3*f - 5*w - 10 = 3, -2*f = 3*w - 15. Calculate the highest common divisor of 15 and f.
3
Let p(s) = s**3 - 8*s**2 + 9*s - 12. Let b be p(8). Calculate the greatest common divisor of 10 and b.
10
Suppose -4*w - w + 20 = 0. Suppose -160 = w*g - 6*g. Calculate the greatest common divisor of g and 32.
16
Let w be 1 + -1*1/1. Suppose w = 2*k + 3*k - 140. Suppose 4*m - 16 - k = 0. What is the highest common divisor of m and 33?
11
Suppose -4*s = -s - 30. Let x be 24/s - 2/5. Suppose 24*g - 142 = 386. What is the greatest common divisor of x and g?
2
Let w(o) = 8*o**2 + 5*o + 1. Let m(a) = -23*a**2 - 15*a - 2. Let y(k) = -6*m(k) - 17*w(k). Let t be y(-5). What is the highest common divisor of 220 and t?
20
Suppose -2*s - 5*n = -7*s + 60, -n = s - 4. Let k = -20 + 36. What is the highest common factor of k and s?
8
Suppose 8*d - 7*d - 140 = 0. Calculate the greatest common divisor of d and 20.
20
Let r be (22/8)/(2/8). Let s = -538 - -615. Calculate the greatest common factor of s and r.
11
Let u(m) = -m**3 - 3*m**2 - m + 13. Let t be u(-4). What is the highest common factor of 22 and t?
11
Let z be 0 + -2 - 6/(-2). Let b be 1198/12 + z/6. Suppose -4*j + 36 + b = -4*i, -136 = -4*j - 2*i. What is the greatest common divisor of 85 and j?
17
Suppose 4*g + 6*w = 3*w + 182, -2*g - 2*w = -92. Calculate the greatest common divisor of g and 11.
11
Suppose -5*s = -3*i + 310, -i + 3*s + 52 + 54 = 0. What is the greatest common factor of 20 and i?
20
Suppose 5*o - 4*o = 36. Calculate the greatest common factor of 24 and o.
12
Suppose 3*i + 0 = 3. Let g = -81 + 84. What is the highest common divisor of i and g?
1
Let i(l) be the second derivative of 21*l**5/20 - l**4/12 + 4*l. Let h be i(1). What is the greatest common factor of h and 4?
4
Let l be 1 + 71 - 0/10. Suppose 7 = -4*x - 5*n + 60, -56 = -5*x + 4*n. What is the highest common divisor of x and l?
12
Suppose 0 = 4*l + 3*x - 467, 6*l - 482 = 2*l + 2*x. Calculate the greatest common factor of 17 and l.
17
Let m be (-6)/(-2) - (-3 - (-33)/(-3)). What is the greatest common divisor of m and 238?
17
Suppose 42 = 3*u - 6*u. Let m = u - -29. Calculate the greatest common divisor of m and 10.
5
Let k = -83 - -48. Let i be 15/k - 300/(-14). Calculate the greatest common factor of 14 and i.
7
Let c be -4 - (657/(-36) + (-2)/(-8)). What is the highest common divisor of c and 126?
14
Let j be 9/6 + (-1)/(-2). Let c(v) = v**2 - 2*v + 2*v + 3 + 2*v. Let m be c(3). What is the greatest common factor of m and j?
2
Let a be 3*13*2/6. Let z(t) be the third derivative of 9*t**4/8 - t**3/6 + 6*t**2. Let f be z(1). What is the highest common factor of a and f?
13
Suppose 0 = 3*x + c - 152, 3*x - c - 140 = 4*c. What is the highest common factor of x and 20?
10
Suppose 32 - 14 = 3*v. Calculate the highest common divisor of v and 12.
6
Let s(p) = -p**2 + 9*p + 22. Let z be s(9). What is the highest common divisor of z and 11?
11
Suppose -10 = -12*s + 7*s. Calculate the highest common divisor of s and 6.
2
Let v = 9 - 12. Let u(q) = -q**2 - 3*q + 1. Let l be u(v). What is the greatest common divisor of 4 and l?
1
Let v = 10 - 4. Let g be 0 - -30 - -1 - (-2)/(-2). What is the highest common divisor of g and v?
6
Suppose 0 = -4*k + 3*k. Let a be 7 - 1/3*k. What is the greatest common divisor of 7 and a?
7
Let h(a) = -a - 9. Let q be h(-14). Suppose 63 = 3*k - q*d, -4 = -k - 3*d + 3. What is the greatest common divisor of k and 16?
16
Suppose -3*i = -0*i. Let r be 0*((-1)/2 + i). Suppose r = 6*y - 2*y - 128. Calculate the greatest common factor of 48 and y.
16
Suppose 2*o = -o + 48. Suppose -4*b + 189 = u - 66, 5*b - 317 = -3*u. What is the highest common divisor of b and o?
16
Let c = -43 + 63. What is the highest common factor of 70 and c?
10
Let p = -3 + 9. Suppose -5*z - 16 = -36. Suppose 2*l - z = -3*b + 5, 4*l - 20 = -4*b. Calculate the highest common factor of p and l.
6
Let y be 1/((-2)/3)*-2. Let b be y*3/(-3) + 37. Calculate the greatest common factor of b and 85.
17
Suppose 4*b + 69 - 7 = 2*t, 64 = 2*t - 5*b. Let m(g) = g**2 + 2*g - 6. Let c be m(-5). What is the greatest common factor of c and t?
9
Suppose 0 = -3*i - 22 - 8. Let x = -5 - i. Calculate the greatest common divisor of x and 25.
5
Suppose k - 3*k = -10. Suppose 2*b + 24 = 2*d, k*d - 15 = 10. Let g = 49 + b. What is the highest common factor of 14 and g?
14
Suppose 0 = 3*c - 3*m + 36, -c - 3*m + 68 = -6*c. Let h be 10 - 0/(c/(-4)). Calculate the highest common factor of h and 5.
5
Suppose 190 = 4*d - 818. What is the highest common divisor of d and 28?
28
Let d be 0/3 - (-1 - 3). Calculate the highest common divisor of 4 and d.
4
Let h(l) = -7*l**2 - 3*l - 3. Let v be h(-2). Let f be 3/(-5) - 115/v. What is the greatest common factor of 4 and f?
4
Let x = 178 - 98. What is the highest common factor of 10 and x?
10
Suppose 4*n + 18 = 5*n. Suppose 0 = -k + 2*k - n. What is the greatest common factor of k and 198?
18
Let h = -1 - -11. Let t be 1*h + 7 + -10. What is the highest common divisor of 21 and t?
7
Let r(h) = -2*h - 6. Let p be r(-9). Suppose -10 = 2*g - p. Let a be ((-6)/15)/((-1)/10). Calculate the greatest common factor of g and a.
1
Let i be 2/(-4*(-1)/90). Suppose -3*k + i = 3*r - 7*k, -3*r = -2*k - 45. What is the greatest common divisor of r and 10?
5
Let n(g) = -g**2 - g + 34. Let k be n(-5). What is the greatest common divisor of k and 42?
14
Let d be -2*(30 + (1 - 3)). Let q be (-54)/(-24)*d/(-3). What is the highest common divisor of 6 and q?
6
Let j = -28 - -50. Let d = j - 2. Calculate the greatest common factor of d and 30.
10
Suppose -9*v + 6*v = -3. Suppose -2*w + 3*w = 10. What is the greatest common factor of w and v?
1
Let z(p) = -3*p**2 + 2*p**3 - 2 + 0*p**2 + p**2 + 4*p. Let i be z(3). What is the highest common factor of i and 23?
23
Suppose 6*r - 10 = 4*r. Suppose r*g = 91 + 949. What is the highest common divisor of 26 and g?
26
Let n(a) = 16*a**2. Let d be n(1). What is the greatest common divisor of d and 64?
16
Let q be ((-3 - -4) + 2)*9. Let w be (0 - q)*(-1)/3. What is the highest common divisor of 81 and w?
9
Let c be 39/(-13) + (1 - -3). Let g be -6*(-1 - (-2)/(-4)). What is the highest common divisor of g and c?
1
Suppose -2*t - f = -75, 3*t - 81 = 4*f + 4. Calculate the highest common divisor of t and 5.
5
Let f(c) = -c**3 - c - 1. Let s be f(-2). What is the greatest common factor of 72 and s?
9
Suppose -10 = 5*g - 10*g. Suppose -8 = q - 24. What is the greatest common divisor of q and g?
2
Suppose 3*g + g - 64 = -d, g - 5*d - 16 = 0. Suppose -2*p + p + 128 = 0. What is the highest common divisor of g and p?
16
Suppose 3*n + 260 = 5*d - 256, -n + 508 = 5*d. Calculate the greatest common divisor of 6 and d.
6
Let m(c) = 2*c**2 - 3*c + 2. Let o be m(1). Let u(z) = 4*z - 1. Let i be u(o). Calculate the highest common factor of 33 and i.
3
Let c = -4 - -19. Let o(q) = -q + 3. Let w be o(-8). Let g = w + -5. What is the greatest common divisor of c and g?
3
Suppose -4*m - 5*z + 56 = 17, -45 = -5*m - 5*z. Suppose -m*u - 29 = -f - 2*u, 5*f - u - 50 = 0. What is the highest common factor of f and 99?
9
Suppose 0 = -2*q - 8, h - 5*h = 3*q - 36. Calculate the highest common divisor of h and 4.
4
Let q = -26 - -38. What is the highest common factor of 36 and q?
12
Let a be 2 + -3 + 4 - 1. Suppose -a*y + 12 = -0*y. Calculate the highest common factor of y and 18.
6
Let h be (-23)/(-1) - (2 + 1). What is the greatest common factor of 220 and h?
20
Suppose 0 = r, 4*z - 2*r = -r + 96. Suppose 5*t - 265 = -3*n, 3*t - 89 = 3*n + 94. Let x be t/9 + 20/(-90). Calculate the greatest common divisor of z and x.
6
Let u = -18 + 10. Let l(p) = -p**2 - 9*p + 4. Let w be l(u). Suppose 11*c + 18 = w*c. Calculate the highest common factor of c and 9.
9
Let r(f) = 20*f**3 - f**2 + 2*f - 1. Let s be r(1). Let z = -260 - -379. Suppose -4*i + 0*j + j = -z, -1 = -j. What is the highest common divisor of i and s?
10
Let s(a) = 2*a + 5. Let z be s(-10). Let b = -6 - z. Suppose 4*u + 9 = -7, 5*u - 34 = -3*i. Calculate the highest common factor of b and i.
9
Suppose -4*q - 5*d = 0, -4*d + 36 = -q - 3*q. Let z be (-87)/q + 21/35. What is the greatest common factor of 2 and z?
2
Suppose 0*p = 4*p - 396. Calcula